-h**3 + 13*h**2 - 6*h. Let m be s(9). Let x = 166 - m. Let t = x - -147. What are the prime factors of t?
43
Let t = -10 + 9. Let p be (-9*1)/(t/(-1)). Let s = p + 50. What are the prime factors of s?
41
Let g(k) = -k**3 - 25*k**2 + 24*k + 19. List the prime factors of g(-26).
71
Suppose -3*j + 22*c = 28*c - 6807, 5*j + 2*c = 11369. List the prime factors of j.
5, 7, 13
Let z(s) = -s**3 - 28*s**2 + 77*s + 10. What are the prime factors of z(-31)?
2, 11, 23
Let q be ((-4)/7)/(4/(-14)). Suppose -327 - 93 = -5*d - 3*h, -q*d = 4*h - 154. List the prime factors of d.
3, 29
Suppose 0 = 5*a - 14 + 4. Suppose 0 = 4*c - a*c - 156. Suppose 3*z + 0*z = c. List the prime factors of z.
2, 13
Let h be (16/3)/(4/6). Let s(a) = a**2 + a + 12. List the prime factors of s(h).
2, 3, 7
Let t be (1 - -165)*3/(-6). Let z = 134 + t. What are the prime factors of z?
3, 17
Let n = 96 + 4. Let k = n - 41. What are the prime factors of k?
59
Let v(m) be the first derivative of -m**2/2 + m + 1. Let n be v(-7). Suppose -x = -18 - n. What are the prime factors of x?
2, 13
Let d(n) = -248*n + 89. List the prime factors of d(-4).
23, 47
Let n be (-4)/14 + 45/35. What are the prime factors of n - (-13)/2*8?
53
Suppose -6*w = -21529 + 259. What are the prime factors of w?
5, 709
Let j(u) = 241*u**2. Let l be j(1). Let x = l + -120. What are the prime factors of x?
11
Let q(j) = -212*j + 315. What are the prime factors of q(-6)?
3, 23
Suppose 0 = -41*a + 45*a - 5784. What are the prime factors of a?
2, 3, 241
Suppose 4*j - 5*c - 1068 = 0, -2*j + c - 6*c = -564. What are the prime factors of j?
2, 17
Let b = 6444 + -3573. List the prime factors of b.
3, 11, 29
Let d(l) = l**3 - 8*l**2 + 4*l - 10. Let z be d(5). Let j = z - -105. What are the prime factors of j?
2, 5
Let o(l) = 1 - 7*l + 20*l - 2*l + 2*l. What are the prime factors of o(8)?
3, 5, 7
Let b = -308 - -636. List the prime factors of b.
2, 41
Let i = -36 - -276. What are the prime factors of i?
2, 3, 5
Let i = 47 + -49. List the prime factors of ((-3)/i)/(4 - (-1466)/(-368)).
2, 23
Let l be 61 + (1 - 3 - -3). Let r = l - 11. What are the prime factors of r?
3, 17
Let i = -108 - -106. What are the prime factors of 1/((i/(-3))/(2236/39))?
2, 43
Let k be (-3 + 20/6)*3 - -123. Suppose 0 = -10*q + 714 - k. What are the prime factors of q?
59
Suppose 169*h = 180*h - 22660. List the prime factors of h.
2, 5, 103
Let q(x) = 12*x**2 + 67*x + 12. List the prime factors of q(-9).
3, 127
Let p(i) = -i**3 - 4*i**2 - 2*i - 2. Let j = 12 + -16. List the prime factors of p(j).
2, 3
Let i be ((-16)/(-3))/(-2)*-6. Let y = i + -9. Suppose k - 20 - y = 0. List the prime factors of k.
3
Let k be (159/(-4))/((-17)/68). Suppose 0 = 3*j - 0*j - k. List the prime factors of j.
53
Suppose 11 = -3*s + 2*p, -s + 4*p - 13 = p. Let g = -2 - 7. List the prime factors of 0 + -1 + g/s.
2
Suppose 0 = 3*l - 4*o - 3 - 127, -2*l + 79 = 5*o. What are the prime factors of l?
2, 3, 7
Suppose -2*x + 2*g = -0*x, -3*x - 4*g = -35. List the prime factors of 5 + (294 + x - 0).
2, 19
Suppose -12*x - 8*x - 40 = 0. Let y be (-2 - -2)/2 + -10. List the prime factors of x/y + 309/5.
2, 31
Let x = -4531 - -6345. List the prime factors of x.
2, 907
Let g(q) = -3*q**3 - 67*q**2 - 26*q + 9. What are the prime factors of g(-24)?
3, 1171
Let o(t) = -4 + 5*t + 0*t + 7. Suppose -v = 5*k - 15 + 4, -4*k + 2*v + 6 = 0. What are the prime factors of o(k)?
13
Let p(y) = y**3 - 5*y**2 + 6*y + 1. Let d be p(3). Let b(o) = 65*o. What are the prime factors of b(d)?
5, 13
Let w be (2 - 0)/(3/135). Suppose -5*v = -w - 790. What are the prime factors of v?
2, 11
List the prime factors of (10 + -6 + 0)*(-1659)/(-12).
7, 79
Suppose 4*f = -s + 3 + 15, -5*s = -f - 27. Let k = 8 - s. Suppose -k*c = -3*c + 5. List the prime factors of c.
5
Suppose 0 = -9*s + 5*s + 20. Suppose -s*o = -i + 140, -i = 3*i + 4*o - 608. Suppose 3*c - 15 = i. What are the prime factors of c?
5, 11
Suppose -10*h = -5*h + 20, 0 = -l - 3*h + 23. Let b = -3 - -1. What are the prime factors of (l/(-5))/(b/4)?
2, 7
Suppose 5*p = -1 - 14. Let q(g) = -g - 2. Let k be q(p). What are the prime factors of k - (-3 - (-2 + 24))?
2, 13
Let v(q) = -2*q**3 - 7*q**2 - 7*q - 4. Suppose 3*l + p = -3*p + 3, -2*p + 19 = 5*l. Suppose 2*b = -h - 6, -5*b + l = -5*h - 10. List the prime factors of v(h).
2, 5
Suppose 4*f + 0*f - 8 = 0. Let g(u) = u**2 - 4*u - 3. Let s be g(5). What are the prime factors of -4 + s - (-44)/f?
2, 5
Let a = -24 - -41. Let f = 22 - a. Suppose -f*i + 72 = -3. What are the prime factors of i?
3, 5
Suppose 5*r - 35 = 4*s, -r + 0*r + 2*s + 7 = 0. Let w be (-5)/(75/6)*-10. Let c = r - w. What are the prime factors of c?
3
Let d(h) = -h**3 + 17*h**2 - 3*h + 23. Let k be d(17). What are the prime factors of (1 - 115)*14/k?
3, 19
Let x = -66 - -34. Let w = -18 - x. List the prime factors of w.
2, 7
List the prime factors of 7389/6 - 5/((-40)/12).
3, 137
What are the prime factors of (-48061)/(-91) + (-1)/7?
2, 3, 11
List the prime factors of (0 + 1)*(147 + -24).
3, 41
Let q(t) = 4*t**2 - 2*t - 18. Let p be q(9). Suppose -19*f - p = -22*f. List the prime factors of f.
2, 3
Let c(b) = -2*b + 2. Let h be c(-3). Let v(w) = -2*w**2 + 25 + h*w**2 - 5*w**2 - w. What are the prime factors of v(0)?
5
Suppose 157*g - 4296 = 154*g. What are the prime factors of g?
2, 179
Let o(b) = -2*b**3 + 2*b - 4. Suppose 0 = -7*l + 3*l - 3*p - 31, -3*p + 5 = -5*l. List the prime factors of o(l).
2, 29
Let u(p) = -p**2 + 11*p + 27. Let c be u(11). Let d = c + 5. List the prime factors of d.
2
Let b = -41 + 78. Let r = 97 - b. List the prime factors of r.
2, 3, 5
Suppose -o = 3*u + 2*o + 12, 4*u - 12 = 3*o. Suppose -5*v - 2*r + 260 = u, -5*r = -r - 20. What are the prime factors of v?
2, 5
Let c(m) = m - 3. Let d be c(6). Suppose 3*f = 9*h - 5*h, 5*f = -5*h + 35. Suppose 3*n = -d*i + 141, -f*n + 6*i - i = -188. What are the prime factors of n?
47
Let f = -6 - -3. Let l be f/((-24)/172)*12. Suppose -l - 64 = -7*y. List the prime factors of y.
2, 23
Suppose 5*r = -k + 23 - 197, -3*k - 172 = 5*r. What are the prime factors of (-3)/(30/(-1912)) + (-28)/r?
2, 3
Let g(s) = 15*s + 26. Let v(d) = -7*d - 13. Let u(r) = 6*g(r) + 13*v(r). Let q be u(-11). What are the prime factors of 6/15*(q + 7)?
2
Let h = 1530 + -962. What are the prime factors of h?
2, 71
Suppose -2*j = -3*j + 41. Let s = 19 - 46. Let w = j + s. What are the prime factors of w?
2, 7
Let r(j) = 3*j**2 + 8*j + 8. Let h be (3 + -4)*14/2. List the prime factors of r(h).
3, 11
Let o = 276 - 143. What are the prime factors of o?
7, 19
Let d = 1713 + -1028. What are the prime factors of d?
5, 137
Suppose -j + 28 = 126. What are the prime factors of 7/(j/(-4)) + 2628/14?
2, 47
Let y = 1022 - 565. What are the prime factors of y?
457
Let w = 2889 - 788. Suppose -12*q = -q - w. List the prime factors of q.
191
Suppose -3575 = -10*h + 1165. List the prime factors of h.
2, 3, 79
Suppose 4*x - 28 = -180. Let n = 65 - x. List the prime factors of n.
103
Suppose -5*v - 128 = -2*i, -3*i + 101 = -0*v - 4*v. Let n(t) = t**2 + 23*t - 55. List the prime factors of n(v).
23
Suppose 48*n - 11610 = 5*n. List the prime factors of n.
2, 3, 5
Suppose -3*c + 5*c - 8 = 0. Suppose 323 = 3*o - u, o + 311 = c*o - 4*u. List the prime factors of o.
109
Suppose 8 = -2*v + l - 20, -v = -l + 14. Let s = v + 43. List the prime factors of s.
29
Let a(h) = h + 9. Let w be a(3). Suppose 0 = 4*d + n - w, -5*d - 9 = 2*n - 27. List the prime factors of (d/6)/((-7)/(-1491)).
71
Suppose -10*q + 5647 = -8033. What are the prime factors of q?
2, 3, 19
Let i be (522/(-54))/((-1)/3). Suppose -6*q + i = -91. What are the prime factors of q?
2, 5
Suppose -429 = -3*f + 3*m, 7*m - 2*m + 571 = 4*f. Suppose 9*v = 2*l + 6*v - 109, -3*l = 2*v - f. List the prime factors of l.
2, 5
Let p(n) = 308*n**3 + 2*n**2 + 3*n - 4. Let q be p(1). Suppose q = 13*j + 36. List the prime factors of j.
3, 7
Suppose 0*a = -4*a - 5*b + 4, 3*a - 14 = -b. Let o(p) = -2 - a + 6*p - 3*p. List the prime factors of o(6).
2, 5
Suppose -3*x - 3*o = -114, -3*x - 2*o = -3*o - 130. What are the prime factors of x/(2/((-20)/(-15)))?
2, 7
Suppose 2*k - 5*q - 2951 = 0, 5*k - 8960 = 2*q - 1530. List the prime factors of k.
2, 3, 31
Let x = -4446 + 6740. What are the prime